 = -43*t**2 - 5*t + 5. Let u be s(-4). Let r be u/(-15) + 3/(-15). Let k = r + 12. Calculate the greatest common divisor of k and 14.
14
Suppose -2*p - 169 = -33. Let w = -113 - p. Let n = 117 + w. What is the highest common divisor of n and 18?
18
Let c be -4*5/(-170) + 1559736/986. What is the highest common factor of 182 and c?
14
Let s(z) = 4*z**2 - 13*z + 23. Let t be s(2). Suppose -t*k - 3150 = -12445. Calculate the highest common divisor of 55 and k.
55
Suppose 4*o - 4*a - 424 = 0, -5*o = -2*a + 3*a - 542. Suppose 2*c - 8*c = -o. Suppose -139 = -4*u + 365. Calculate the highest common factor of c and u.
18
Let m = -12 - -37. Let i(v) = -v**2 - 5*v + 769. Let w be i(22). Calculate the highest common divisor of w and m.
25
Let s be ((-72)/(-48))/(3/2). Calculate the greatest common factor of 43 and s.
1
Let l(w) = -w**3 - 52*w**2 + 104*w - 97. Let z be l(-54). What is the highest common divisor of z and 9639?
119
Suppose -2*g = 5*m - 14776, -g - 324*m = -327*m - 7366. What is the highest common divisor of g and 31?
31
Let l be 5029/((-6)/2*-8*16/384). Calculate the greatest common divisor of 428 and l.
107
Let s = 56427 - 56049. Let p(k) = -6*k - 2. Let h be p(-5). What is the greatest common divisor of h and s?
14
Let n be (-2)/7 - (-60)/14. Suppose 0 = n*s - 8, -4*w + 5*s - 2*s + 10 = 0. Calculate the greatest common divisor of 2 and w.
2
Suppose -2*x - 3350 = 8*x. Let s = -47 - x. What is the greatest common factor of s and 18?
18
Let n = -958 - -924. Suppose i + 3*o = -2*o - 42, -2*i + 5*o - 84 = 0. Let v = n - i. Calculate the highest common factor of 2 and v.
2
Let f = 8349 + -7911. Calculate the highest common divisor of f and 78.
6
Suppose 13*f - 15*f - 10 = 0, 1815 = 5*u - 3*f. Calculate the highest common factor of u and 880.
40
Suppose 0 = 4*o - 2*o - 6. Suppose 60 = q + 2*p, -o*q + p + p + 172 = 0. Let m = 4 + 83. Calculate the greatest common factor of m and q.
29
Suppose -952 - 744 = -2*j + 2*o, -4*j + 3396 = -2*o. What is the highest common factor of 1360 and j?
170
Let z(m) = -18*m**3 - 2*m - 5. Let o(h) = 0*h**2 - 75*h + 76*h - h**2. Let p be o(-1). Let y be z(p). Calculate the highest common divisor of 13 and y.
13
Let k = -3078 - -3906. What is the highest common divisor of 84 and k?
12
Suppose 0 = -15*a + 29*a - 28. Suppose a*p + 4*z = 42, -p - z = -6*z - 42. Suppose 3*w = 4*w - 135. What is the highest common factor of w and p?
27
Let y be 5/1*(-5172)/(-60). Let r = y - 399. Calculate the greatest common divisor of r and 16.
16
Suppose -5*y = -8*l - 103, 4*y + 2*l + 22 = 54. What is the greatest common factor of 803 and y?
11
Let i = 81 + -73. Let w be (((-6)/i)/1)/(5/(-100)). Let z = 31 + w. What is the greatest common factor of 69 and z?
23
Let q = 16650 - 15052. What is the highest common factor of q and 34?
34
Let r be (5 + 21/(-4))*4. Let x be 87 + -55 + 1 + r + -4. Calculate the highest common factor of x and 7.
7
Let n = 5282 + -5279. What is the greatest common factor of 53 and n?
1
Let u be (40 - (-252)/(-24))/((-1)/(-2)). What is the greatest common divisor of 17582 and u?
59
Let m = 14963 + -14911. What is the highest common divisor of 1378 and m?
26
Let d = 8361 - 8312. Calculate the highest common factor of d and 21.
7
Let g = 43 - 40. Suppose -4*c - g = -3*b - 2*b, -12 = -5*c + b. Suppose k = -c*i + 212, -270 = i - 5*i + 5*k. Calculate the highest common divisor of 175 and i.
35
Let m(l) = -8*l**2 + 35*l - 10. Let x be m(4). Suppose t + 6*i = 8*i + 26, -4*t + x*i + 98 = 0. What is the greatest common factor of 64 and t?
8
Let h(p) = 14*p**2 + 70*p - 441. Let r be h(8). Calculate the highest common factor of 145 and r.
145
Let q = -1 - -4. Let m be 1/(-6) + ((-79)/(-6) - q). Suppose 2 + 3 = j. Calculate the highest common factor of m and j.
5
Let k be (-2 + 1)/((-6)/21 - (-1)/28). Let u = 14 + 14. What is the greatest common divisor of k and u?
4
Let n(w) = -1062*w - 2117. Let t be n(-2). Let c be (4/6)/(6/63). What is the greatest common divisor of t and c?
7
Let f(y) = -15*y**3 + 77*y**2 + 16*y - 10. Let a be f(5). What is the highest common divisor of 2940 and a?
60
Let n(r) = 22*r + 984. Let o be n(-43). Calculate the greatest common factor of o and 2109.
19
Let n = -3017 + 3070. What is the highest common factor of n and 11448?
53
Let o be (-1)/(-5) - 1071/(-45). Suppose -240 = -28*f + 12. Suppose 1907 + 37 = f*m. What is the highest common factor of o and m?
24
Let r(m) = 8*m + 4. Let f be r(7). Let k(o) = 147*o**3 - 26*o**2 + 23*o + 6. Let s be k(1). What is the highest common factor of s and f?
30
Let m(a) = -13*a - 5. Let d be m(-5). Let i(f) = 3*f**2 - 5*f - 10. Let y be -1 + ((-4)/4)/1. Let q be i(y). Calculate the greatest common divisor of q and d.
12
Let m(b) = 2*b**2 - 76*b + 250. Let x be m(3). Calculate the highest common factor of x and 170.
10
Let t(a) be the third derivative of -11/24*a**4 + 0 - 6*a**2 + 0*a - 15/2*a**3. Let o be t(-7). What is the greatest common factor of 8 and o?
8
Suppose 0 = 32*a + 40*a - 173*a + 6767. Calculate the highest common factor of a and 12931.
67
Let h(j) = 11*j**2 + 6*j - 3. Let w be h(3). Suppose w = 26*r - 23*r. Let s be (10/8)/((-3)/(-228)). Calculate the highest common divisor of r and s.
19
Suppose -16*h - 3379 - 1997 = 0. Let q = h + 739. Calculate the highest common divisor of 62 and q.
31
Suppose 0 = -6*t + 6*t + 119*t - 761600. What is the greatest common factor of 125 and t?
25
Let p = -206 + 230. Suppose 0 = -5*n - 3*c + 601, 20*n + 3*c + 470 = p*n. What is the greatest common divisor of n and 34?
17
Let j be (-1*1880/(-5) - -8) + -7. Calculate the highest common divisor of 65 and j.
13
Suppose 2*z = 29*k - 28*k - 220, 0 = 5*k + 20. Let t = -34 - z. What is the highest common divisor of t and 48?
6
Let r be 47/((-423)/432)*(-2)/4. Calculate the highest common divisor of 60 and r.
12
Let w = 4244 + -3564. What is the greatest common divisor of 64 and w?
8
Suppose o = 5*v - 52192, -v = 5*o + 2565 - 12967. Calculate the greatest common divisor of v and 147.
147
Let f be 3 - (2 - -2) - -3. Let p(v) = 10*v**f + 13*v - 11*v**2 + 2*v**2 + 7 + 13. Let n be p(-15). What is the greatest common divisor of 40 and n?
10
Let a = -468 - -489. Suppose 5*m - 147 - 3 = 0. Let k = m - -75. What is the highest common factor of a and k?
21
Suppose 0 = 2*y - 9*c + 8*c + 1279, 4*c = -3*y - 1924. Let s = -629 - y. What is the highest common factor of 891 and s?
11
Suppose 5*w - 238 = -2*w. Suppose -7*y - 13 = -w. Let q be 94 + (y - 3) + 4. Calculate the highest common factor of 14 and q.
14
Let b(n) = 20*n**3 - 2*n**2 - 3*n + 57. Let a be b(5). What is the highest common factor of 28 and a?
28
Let u(h) = 1 - 21*h**2 + 153*h + h**3 + 1 - 194*h + 3. Let d be u(23). Calculate the highest common factor of d and 8.
8
Suppose -7*s + 330 - 57 = 0. Suppose 0 = 4*o + i - s, -4*o + 5*i - 8 = -53. Calculate the highest common factor of o and 80.
10
Suppose -2*p - 92*g + 228 = -89*g, -5*g = 5*p - 560. Suppose -2 + 4 = l. Suppose -l*r = -4*r + 24. Calculate the highest common factor of p and r.
12
Suppose -t + 555 = 5*p + 42, 4*t = -p + 114. Let d = 124 - p. What is the greatest common divisor of 55 and d?
11
Let u = -1580 + 1604. Calculate the highest common factor of 68 and u.
4
Let k(r) = 3*r**3 + 5*r**2 - 5*r + 4. Let a be k(-5). Let b = a + 329. What is the highest common factor of b and 81?
27
Let n be (0 + -2)/(12/18) - -98. Suppose -i - 25 = 5*k - n, i + 34 = 3*k. Suppose -21*r + 80 = -k*r. Calculate the highest common factor of r and 90.
10
Let l = -8474 - -15778. Suppose l = 44*y - 396. Calculate the greatest common factor of y and 245.
35
Let f(v) = 128*v - 4126. Let k be f(33). What is the highest common factor of k and 13622?
98
Let i(k) = -12*k + 165. Let t be i(14). Let v be 2/t - -124*5/30. Calculate the highest common divisor of 48 and v.
4
Suppose -53244 = -1888*c + 1786*c. What is the highest common divisor of 4495 and c?
29
Let g = 6466 - 6447. What is the highest common divisor of 19361 and g?
19
Suppose 19350 = -0*q + 10*q. Suppose 0 = v + 42*v - q. Let s = 13 + 5. What is the highest common factor of v and s?
9
Let m be 1/(-3)*-69*(5 + (8 - 4)). What is the greatest common divisor of 3933 and m?
207
Let g(m) = 2*m**2 - 6*m + 7. Let l be g(2). Suppose 